49169.
3, 19, 2617
List the prime factors of 866666.
2, 19, 22807
What are the prime factors of 857987?
13, 31, 2129
What are the prime factors of 63866?
2, 11, 2903
List the prime factors of 415647.
3, 46183
What are the prime factors of 1446503?
59, 24517
What are the prime factors of 23207429?
7, 397, 1193
What are the prime factors of 78912?
2, 3, 137
What are the prime factors of 62005?
5, 12401
What are the prime factors of 233741?
41, 5701
What are the prime factors of 1066011?
3, 29, 12253
List the prime factors of 101973.
3, 19, 1789
List the prime factors of 418491.
3, 46499
List the prime factors of 15460.
2, 5, 773
What are the prime factors of 243581?
13, 41, 457
List the prime factors of 1177874.
2, 588937
List the prime factors of 137204.
2, 34301
List the prime factors of 2936368.
2, 183523
List the prime factors of 11410464.
2, 3, 13, 41, 223
List the prime factors of 1524906.
2, 3, 9413
List the prime factors of 1510695.
3, 5, 59, 569
List the prime factors of 14406466.
2, 7203233
List the prime factors of 566946.
2, 3, 10499
What are the prime factors of 1199015?
5, 239803
What are the prime factors of 2269186?
2, 41, 27673
What are the prime factors of 2980991?
13, 31, 569
List the prime factors of 151074.
2, 3, 7, 11, 109
List the prime factors of 533229.
3, 177743
List the prime factors of 5971336.
2, 7, 15233
List the prime factors of 2658743.
47, 56569
What are the prime factors of 208646?
2, 104323
What are the prime factors of 119716?
2, 173
List the prime factors of 472824.
2, 3, 11, 199
List the prime factors of 314689.
137, 2297
List the prime factors of 18740758.
2, 617, 15187
List the prime factors of 6426742.
2, 7, 65579
List the prime factors of 9374295.
3, 5, 7, 73, 1223
List the prime factors of 1896513.
3, 29, 21799
List the prime factors of 19354670.
2, 5, 17, 257, 443
What are the prime factors of 489067?
233, 2099
What are the prime factors of 3322452?
2, 3, 7, 37, 1069
What are the prime factors of 269527?
269527
What are the prime factors of 204649?
19, 10771
What are the prime factors of 311473?
311473
List the prime factors of 694585.
5, 138917
List the prime factors of 24858190.
2, 5, 7, 97, 523
List the prime factors of 935041.
421, 2221
List the prime factors of 21869.
19, 1151
List the prime factors of 11044215.
3, 5, 7, 13, 29, 31
What are the prime factors of 2035281?
3, 41, 16547
List the prime factors of 265829.
17, 19, 823
List the prime factors of 1859168.
2, 58099
List the prime factors of 588565.
5, 53, 2221
List the prime factors of 171490.
2, 5, 11, 1559
List the prime factors of 8224453.
79, 104107
List the prime factors of 15626702.
2, 7, 13, 19, 4519
List the prime factors of 355017.
3, 13, 9103
List the prime factors of 158651.
59, 2689
List the prime factors of 4956635.
5, 991327
What are the prime factors of 3553817?
19, 187043
List the prime factors of 1508869.
17, 23, 227
List the prime factors of 2146618.
2, 167, 6427
List the prime factors of 15415.
5, 3083
What are the prime factors of 5163042?
2, 3, 860507
List the prime factors of 766478.
2, 179, 2141
List the prime factors of 2403594.
2, 3, 37, 401
List the prime factors of 1034108.
2, 258527
What are the prime factors of 9706676?
2, 7, 346667
What are the prime factors of 1761702?
2, 3, 293617
List the prime factors of 14319861.
3, 31, 4967
What are the prime factors of 193369?
11, 17579
List the prime factors of 132670.
2, 5, 13267
List the prime factors of 2516472.
2, 3, 7, 4993
List the prime factors of 135448.
2, 16931
List the prime factors of 10143376.
2, 633961
List the prime factors of 4285542.
2, 3, 714257
List the prime factors of 2994581.
2994581
List the prime factors of 3820443.
3, 11, 115771
What are the prime factors of 43074?
2, 3, 2393
List the prime factors of 1689189.
3, 23, 24481
List the prime factors of 348576.
2, 3, 3631
List the prime factors of 9356431.
7, 47, 28439
List the prime factors of 550841.
550841
What are the prime factors of 392450?
2, 5, 47, 167
What are the prime factors of 943631?
13, 29, 2503
What are the prime factors of 4898227?
17, 73, 3947
What are the prime factors of 2188758?
2, 3, 11, 13, 2551
List the prime factors of 74141.
151, 491
What are the prime factors of 12211290?
2, 3, 5, 7, 13, 71
List the prime factors of 263883.
3, 87961
What are the prime factors of 335002?
2, 17, 59, 167
List the prime factors of 174541.
347, 503
List the prime factors of 5483648.
2, 42841
List the prime factors of 1278258.
2, 3, 213043
What are the prime factors of 199681?
233, 857
What are the prime factors of 128370?
2, 3, 5, 11, 389
What are the prime factors of 245375?
5, 13, 151
List the prime factors of 662914.
2, 7, 47351
What are the prime factors of 1050238?
2, 7, 75017
List the prime factors of 5359339.
37, 144847
What are the prime factors of 654487?
59, 11093
List the prime factors of 77136.
2, 3, 1607
List the prime factors of 497145.
3, 5, 11, 23, 131
What are the prime factors of 15795346?
2, 7, 17, 19, 499
What are the prime factors of 259997?
31, 8387
List the prime factors of 12249026.
2, 6124513
List the prime factors of 580490.
2, 5, 58049
What are the prime factors of 1406898?
2, 3, 47, 1663
What are the prime factors of 10008573?
3, 19, 53, 3313
List the prime factors of 28069134.
2, 3, 1439, 3251
List the prime factors of 11594578.
2, 17, 341017
What are the prime factors of 698260?
2, 5, 34913
List the prime factors of 193028.
2, 11, 41, 107
List the prime factors of 16245.
3, 5, 19
List the prime factors of 7150271.
751, 9521
List the prime factors of 1323726.
2, 3, 41, 5381
List the prime factors of 502845.
3, 5, 7, 4789
List the prime factors of 5030436.
2, 3, 17, 24659
List the prime factors of 283946.
2, 13, 67, 163
List the prime factors of 1314447.
3, 97, 4517
List the prime factors of 6213777.
3, 2071259
What are the prime factors of 4326239?
4326239
What are the prime factors of 91555?
5, 18311
What are the prime factors of 27356483?
7, 11, 29, 12251
What are the prime factors of 775244?
2, 193811
List the prime factors of 28930.
2, 5, 11, 263
What are the prime factors of 103631?
11, 9421
List the prime factors of 181857.
3, 13, 4663
What are the prime factors of 2443137?
3, 814379
What are the prime factors of 728352?
2, 3, 281
List the prime factors of 1604669.
11, 145879
List the prime factors of 12406015.
5, 809, 3067
What are the prime factors of 856245?
3, 5, 13, 4391
What are the prime factors of 50184?
2, 3, 17, 41
What are the prime factors of 24044591?
23, 757, 1381
What are the prime factors of 227519?
227519
List the prime factors of 12620055.
3, 5, 7, 263, 457
List the prime factors of 29647974.
2, 3, 2203, 2243
What are the prime factors of 1232318?
2, 433, 1423
What are the prime factors of 573276?
2, 3, 11, 43, 101
List the prime factors of 242935.
5, 7, 11, 631
What are the prime factors of 256381?
23, 71, 157
List the prime factors of 1573320.
2, 3, 5, 7, 1873
List the prime factors of 4291000.
2, 5, 7, 613
What are the prime factors of 144103?
144103
What are the prime factors of 807036?
2, 3, 109, 617
List the prime factors of 22155120.
2, 3, 5, 13, 263
List the prime factors of 459317.
459317
List the prime factors of 317342.
2, 101, 1571
List the prime factors of 889512.
2, 3, 13, 2851
List the prime factors of 341959.
341959
What are the prime factors of 1944768?
2, 3, 7, 1447
What are the prime factors of 678674?
2, 17, 19961
What are the prime factors of 468049?
468049
What are the prime factors of 8519632?
2, 11, 48407
List the prime factors of 19228.
2, 11, 19, 23
List the prime factors of 585712.
2, 36607
What are the prime factors of 13047301?
233, 55997
List the prime factors of 31938214.
2, 7, 11, 23, 71, 127
List the prime factors of 1231940.
2, 5, 31, 1987
List the prime factors of 32946473.
7, 672377
What are the prime factors of 3144410?
2, 5, 314441
List the prime factors of 341227.
341227
List the prime factors of 676.
2, 13
List the prime factors of 1057223.
1057223
List the prime factors of 1475317.
29, 50873
List the prime factors of 833955.
3, 5, 53, 1049
List the prime factors of 5468702.
2, 1033, 2647
List the prime factors of 881811.
3, 7, 13997
What are the prime factors of 3368806?
2, 7, 41, 5869
What are the 